late the remainder when 22598998 is divided by 2025.
2023
What is the remainder when 848032 is divided by 7248?
16
Calculate the remainder when 1147638 is divided by 20852.
778
Calculate the remainder when 896521 is divided by 265.
26
What is the remainder when 509079 is divided by 20?
19
What is the remainder when 129013 is divided by 125?
13
What is the remainder when 19616279 is divided by 12?
11
Calculate the remainder when 2998924 is divided by 65194.
0
What is the remainder when 23506 is divided by 5595?
1126
Calculate the remainder when 21773 is divided by 179.
114
What is the remainder when 42101621 is divided by 311?
307
What is the remainder when 74592 is divided by 33883?
6826
What is the remainder when 637617 is divided by 637563?
54
Calculate the remainder when 14892656 is divided by 290.
286
What is the remainder when 447005 is divided by 223?
113
What is the remainder when 635899 is divided by 183?
157
Calculate the remainder when 5328795 is divided by 6083.
87
What is the remainder when 99311973 is divided by 499?
494
What is the remainder when 126828 is divided by 2278?
1538
What is the remainder when 955005 is divided by 15497?
9688
What is the remainder when 2473160 is divided by 88?
8
Calculate the remainder when 23008475 is divided by 378.
371
Calculate the remainder when 31294438 is divided by 46089.
7
Calculate the remainder when 109470 is divided by 109368.
102
What is the remainder when 208863 is divided by 1391?
213
What is the remainder when 7709 is divided by 7662?
47
What is the remainder when 35569 is divided by 1337?
807
Calculate the remainder when 62807 is divided by 2352.
1655
Calculate the remainder when 5280682 is divided by 1760225.
7
What is the remainder when 335767 is divided by 440?
47
Calculate the remainder when 36497 is divided by 17745.
1007
Calculate the remainder when 2442264992 is divided by 8043.
8042
Calculate the remainder when 118055 is divided by 16848.
119
Calculate the remainder when 588703319 is divided by 20.
19
Calculate the remainder when 5890928 is divided by 981820.
8
What is the remainder when 762942 is divided by 2671?
1707
Calculate the remainder when 742091 is divided by 2811.
2798
What is the remainder when 180011 is divided by 5891?
3281
Calculate the remainder when 15851521 is divided by 194.
169
Calculate the remainder when 418143 is divided by 418117.
26
Calculate the remainder when 476975948 is divided by 22.
20
Calculate the remainder when 21727981 is divided by 30304.
13
Calculate the remainder when 8441417 is divided by 128.
73
What is the remainder when 48599153 is divided by 55?
53
What is the remainder when 241473 is divided by 2321?
89
Calculate the remainder when 33373747 is divided by 3708193.
10
Calculate the remainder when 4209407 is divided by 1008.
1007
Calculate the remainder when 41681076 is divided by 5501.
5500
What is the remainder when 799985 is divided by 3601?
563
Calculate the remainder when 421651 is divided by 308.
307
What is the remainder when 961773 is divided by 1402?
1
What is the remainder when 187669 is divided by 577?
144
Calculate the remainder when 36604 is divided by 473.
183
Calculate the remainder when 53043 is divided by 4215.
2463
What is the remainder when 1107151 is divided by 1763?
1750
Calculate the remainder when 396664 is divided by 1029.
499
What is the remainder when 489726136 is divided by 215?
211
What is the remainder when 6236788 is divided by 102?
100
What is the remainder when 499109 is divided by 3139?
8
What is the remainder when 13187 is divided by 1237?
817
Calculate the remainder when 281279 is divided by 14794.
193
What is the remainder when 3133168 is divided by 156658?
8
Calculate the remainder when 18348 is divided by 3712.
3500
What is the remainder when 46664543 is divided by 15554843?
14
Calculate the remainder when 6922824 is divided by 131.
129
Calculate the remainder when 115542 is divided by 102.
78
What is the remainder when 908665 is divided by 454178?
309
Calculate the remainder when 67342 is divided by 28.
2
Calculate the remainder when 455036 is divided by 90931.
381
Calculate the remainder when 1862140 is divided by 465515.
80
What is the remainder when 266806 is divided by 7633?
7284
Calculate the remainder when 112567 is divided by 4487.
392
What is the remainder when 140260 is divided by 1896?
1852
Calculate the remainder when 36034843 is divided by 7206968.
3
What is the remainder when 9233190 is divided by 288537?
6
Calculate the remainder when 1746532 is divided by 81.
10
Calculate the remainder when 3769681 is divided by 548.
537
Calculate the remainder when 74612 is divided by 73790.
822
What is the remainder when 20070 is divided by 2627?
1681
What is the remainder when 34627 is divided by 34607?
20
Calculate the remainder when 4134398 is divided by 68904.
158
Calculate the remainder when 12674224 is divided by 1810599.
31
What is the remainder when 437269 is divided by 544?
437
What is the remainder when 685860 is divided by 57116?
468
Calculate the remainder when 168978633 is divided by 162.
159
What is the remainder when 66944403 is divided by 247?
240
What is the remainder when 472998 is divided by 11536?
22
What is the remainder when 19060 is divided by 1164?
436
What is the remainder when 3986706 is divided by 2690?
126
Calculate the remainder when 12950 is divided by 4279.
113
Calculate the remainder when 611563 is divided by 782.
39
What is the remainder when 58250 is divided by 1080?
1010
What is the remainder when 103766 is divided by 476?
474
What is the remainder when 2130674 is divided by 3587?
3583
Calculate the remainder when 4615706 is divided by 1377.
2
Calculate the remainder when 1647454 is divided by 1945.
39
What is the remainder when 7503067 is divided by 215?
212
What is the remainder when 80437 is divided by 80102?
335
Calculate the remainder when 1736732 is divided by 43415.
132
What is the remainder when 797469 is divided by 796925?
544
What is the remainder when 137603458 is divided by 1001?
993
What is the remainder when 23078846 is divided by 31?
28
Calculate the remainder when 139089 is divided by 23156.
153
Calculate the remainder when 2230560 is divided by 46470.
0
What is the remainder when 42513 is divided by 17969?
6575
Calculate the remainder when 79534511 is divided by 762.
761
What is the remainder when 38390 is divided by 37554?
836
Calculate the remainder when 617274 is divided by 123447.
39
What is the remainder when 65697350 is divided by 1526?
1524
What is the remainder when 41456745 is divided by 167?
164
What is the remainder when 125798782 is divided by 41932921?
19
What is the remainder when 56391043 is divided by 6167?
6162
Calculate the remainder when 252752 is divided by 94.
80
What is the remainder when 1435118 is divided by 1446?
686
What is the remainder when 1387095 is divided by 6137?
133
What is the remainder when 255289 is divided by 23201?
78
What is the remainder when 14102354 is divided by 91?
84
Calculate the remainder when 15764 is divided by 14392.
1372
Calculate the remainder when 2443101 is divided by 49857.
108
What is the remainder when 4418117 is divided by 192091?
24
What is the remainder when 13731 is divided by 3162?
1083
Calculate the remainder when 386452 is divided by 6418.
1372
Calculate the remainder when 651405 is divided by 11548.
4717
Calculate the remainder when 19313 is divided by 3841.
108
What is the remainder when 1732625 is divided by 577406?
407
Calculate the remainder when 1712289 is divided by 2957.
186
What is the remainder when 360601 is divided by 6010?
1
Calculate the remainder when 8961419 is divided by 15.
14
What is the remainder when 38847483 is divided by 86520?
3
Calculate the remainder when 53092 is divided by 1116.
640
Calculate the remainder when 4603338 is divided by 282.
252
What is the remainder when 829092 is divided by 828998?
94
Calculate the remainder when 3701689 is divided by 1850795.
99
What is the remainder when 722347 is divided by 1901?
1868
What is the remainder when 165280 is divided by 12710?
50
Calculate the remainder when 308424 is divided by 2203.
4
Calculate the remainder when 4013910 is divided by 22806.
54
Calculate the remainder when 17223454 is divided by 63.
10
W